4061?
False
Is 38569 a multiple of 44?
False
Does 16 divide 7997?
False
Is 10761 a multiple of 211?
True
Does 8 divide 19240?
True
Is 6 a factor of 490?
False
Is 56608 a multiple of 61?
True
Is 432 a multiple of 36?
True
Does 27 divide 14601?
False
Does 48 divide 2793?
False
Does 3 divide 93?
True
Does 58 divide 16356?
True
Does 14 divide 616?
True
Does 33 divide 12177?
True
Does 49 divide 3136?
True
Does 8 divide 648?
True
Is 243 a factor of 38273?
False
Is 181 a multiple of 22?
False
Is 76247 a multiple of 14?
False
Does 12 divide 19?
False
Does 9 divide 1251?
True
Is 730 a multiple of 23?
False
Is 1410 a multiple of 94?
True
Is 30 a factor of 52800?
True
Is 141 a factor of 4048?
False
Is 23 a factor of 22623?
False
Is 17 a factor of 1479?
True
Is 9 a factor of 216?
True
Is 994 a multiple of 3?
False
Is 780 a multiple of 15?
True
Does 27 divide 999?
True
Is 675 a multiple of 15?
True
Does 21 divide 1431?
False
Is 19 a factor of 5410?
False
Is 71235 a multiple of 34?
False
Is 16 a factor of 10768?
True
Is 4 a factor of 873?
False
Is 276 a multiple of 39?
False
Is 13 a factor of 208?
True
Is 16 a factor of 22704?
True
Does 18 divide 12168?
True
Does 29 divide 2407?
True
Is 3 a factor of 281?
False
Is 724 a multiple of 58?
False
Is 10 a factor of 7802?
False
Does 33 divide 231?
True
Does 8 divide 576?
True
Is 25290 a multiple of 45?
True
Is 22 a factor of 162?
False
Does 10 divide 270?
True
Is 357 a multiple of 35?
False
Is 158 a multiple of 5?
False
Is 5544 a multiple of 127?
False
Is 34188 a multiple of 77?
True
Is 10 a factor of 2080?
True
Is 62 a multiple of 6?
False
Is 66 a factor of 1650?
True
Does 2 divide 1942?
True
Is 100 a factor of 1500?
True
Is 8814 a multiple of 113?
True
Is 154 a factor of 4620?
True
Is 14747 a multiple of 18?
False
Is 3045 a multiple of 87?
True
Is 5 a factor of 464?
False
Does 13 divide 9582?
False
Is 43890 a multiple of 57?
True
Is 23254 a multiple of 12?
False
Is 244 a multiple of 4?
True
Is 28 a multiple of 14?
True
Is 36 a factor of 387?
False
Is 6120 a multiple of 34?
True
Does 8 divide 1651?
False
Is 18 a factor of 1260?
True
Is 96 a multiple of 8?
True
Is 2866 a multiple of 47?
False
Does 100 divide 9000?
True
Is 744 a multiple of 8?
True
Is 6 a factor of 600?
True
Does 38 divide 1346?
False
Is 4878 a multiple of 9?
True
Does 106 divide 5873?
False
Is 17 a factor of 222?
False
Does 43 divide 1738?
False
Is 29 a factor of 145?
True
Is 24 a factor of 7735?
False
Is 2484 a multiple of 36?
True
Is 340 a multiple of 5?
True
Does 7 divide 1155?
True
Is 22785 a multiple of 131?
False
Does 30 divide 79?
False
Is 4068 a multiple of 113?
True
Is 31 a factor of 232?
False
Does 44 divide 1584?
True
Does 232 divide 85357?
False
Does 21 divide 609?
True
Does 28 divide 5588?
False
Is 56025 a multiple of 259?
False
Is 252 a multiple of 18?
True
Does 14 divide 65?
False
Does 15 divide 675?
True
Does 118 divide 9322?
True
Does 31 divide 9610?
True
Is 3 a factor of 2619?
True
Is 5 a factor of 3283?
False
Is 193 a multiple of 2?
False
Is 2125 a multiple of 85?
True
Is 17346 a multiple of 147?
True
Is 7995 a multiple of 41?
True
Does 32 divide 15264?
True
Does 4 divide 1356?
True
Is 341 a multiple of 14?
False
Does 112 divide 108146?
False
Is 6358 a multiple of 17?
True
Is 45 a factor of 64575?
True
Does 30 divide 77970?
True
Does 31 divide 93?
True
Does 14 divide 2744?
True
Is 26 a factor of 2314?
True
Is 71318 a multiple of 29?
False
Is 31 a factor of 6956?
False
Does 57 divide 45870?
False
Does 6 divide 9?
False
Does 6 divide 396?
True
Does 13 divide 1584?
False
Is 31 a factor of 1829?
True
Is 314 a multiple of 10?
False
Does 2 divide 593?
False
Is 10169 a multiple of 126?
False
Does 79 divide 4090?
False
Does 18 divide 1899?
False
Is 29094 a multiple of 304?
False
Is 726 a multiple of 6?
True
Is 1239 a multiple of 8?
False
Is 22 a factor of 493?
False
Is 16 a factor of 988?
False
Is 6672 a multiple of 16?
True
Is 649 a multiple of 2?
False
Is 812 a multiple of 20?
False
Does 5 divide 6895?
True
Is 649 a multiple of 59?
True
Does 2 divide 74?
True
Is 1644 a multiple of 60?
False
Does 2 divide 88?
True
Is 45 a factor of 720?
True
Is 1693 a multiple of 2?
False
Is 110 a factor of 1540?
True
Does 13 divide 655?
False
Is 8 a factor of 344?
True
Does 64 divide 2831?
False
Does 4 divide 11065?
False
Is 84 a factor of 49225?
False
Is 100 a multiple of 21?
False
Is 21860 a multiple of 20?
True
Does 7 divide 3759?
True
Is 29 a factor of 2865?
False
Is 875 a multiple of 90?
False
Is 3486 a multiple of 12?
False
Is 8409 a multiple of 10?
False
Is 8860 a multiple of 20?
True
Is 514 a multiple of 37?
False
Is 7800 a multiple of 13?
True
Is 6 a factor of 36?
True
Is 97 a factor of 1048?
False
Does 4 divide 504?
True
Is 3968 a multiple of 124?
True
Is 61 a factor of 1098?
True
Is 23 a factor of 8975?
False
Is 27 a factor of 32049?
True
Does 21 divide 1113?
True
Is 733 a multiple of 11?
False
Is 34859 a multiple of 171?
False
Is 483 a multiple of 23?
True
Is 45216 a multiple of 16?
True
Does 8 divide 5272?
True
Does 9 divide 548?
False
Is 270 a factor of 18090?
True
Is 59796 a multiple of 66?
True
Does 22 divide 17336?
True
Does 82 divide 2460?
True
Is 15 a factor of 5575?
False
Does 87 divide 4611?
True
Is 363 a multiple of 21?
False
Is 4 a factor of 176?
True
Is 44 a factor of 1279?
False
Is 185 a multiple of 5?
True
Is 962 a multiple of 19?
False
Is 9 a factor of 432?
True
Is 18 a factor of 2141?
False
Does 130 divide 37056?
False
Is 166 a factor of 5430?
False
Does 33 divide 65241?
True
Is 90 a multiple of 3?
True
Is 13349 a multiple of 61?
False
Does 66 divide 1361?
False
Is 140 a multiple of 8?
False
Is 17339 a multiple of 29?
False
Is 5736 a multiple of 92?
False
Does 7 divide 111?
False
Does 35 divide 13261?
False
Does 19 divide 1254?
True
Does 16 divide 553?
False
Is 14760 a multiple of 185?
False
Does 163 divide 81706?
False
Is 6 a factor of 12574?
False
Does 3 divide 4378?
False
Does 61 divide 765?
False
Is 9 a factor of 7194?
False
Is 32 a factor of 12572?
False
Is 5950 a multiple of 7?
True
Is 30818 a multiple of 32?
False
Is 96 a multiple of 48?
True
Does 18 divide 168?
False
Does 22 divide 374?
True
Is 4045 a multiple of 18?
False
Does 13 divide 112274?
False
Is 1493 a multiple of 36?
False
Is 14 a factor of 7133?
False
Is 37 a factor of 2886?
True
Is 5735 a multiple of 2?
False
Is 11 a factor of 1650?
True
Is 135 a multiple of 3?
True
Is 155 a factor of 7360?
False
Is 27874 a multiple of 14?
True
Does 50 divide 2547?
False
Does 79 divide 58847?
False
Does 19 divide 5709?
False
Does 5 divide 396?
False
Does 18 divide 72?
True
Is 13 a factor of 2461?
False
Is 28 a factor of 841?
False
Is 36 a factor of 576?
True
Is 8 a factor of 30220?
False
Is 3 a factor of 3368?
False
Is 155376 a multiple of 166?
True
Is 3185 a multiple of 91?
True
Is 407 a multiple of 49?
False
Is 9095 a multiple of 107?
True
Is 47 a factor of 4324?
True
Is 24 a factor of 1632?
True
Is 4433 a multiple of 31?
True
Does 5 divide 3965?
True
Is 164 a factor of 10101?
False
Is 32 a factor of 3891?
False
Is 1085 a multiple of 7?
True
Does 10 divide 174?
False
Is 14320 a multiple of 91?
False
Is 5 a factor of 6922?
False
Does 18 divide 90?
True
Is 56075 a multiple of 103?
False
Does 21 divide 2376?
False
Is 293 a multiple of 9?
False
Does 11 divide 1224?
False
Is 30 a factor of 1476?
False
Is 7456 a multiple of 11?
False
Is 7940 a multiple of 34?
False
Is 33 a factor of 2640?
True
Does 20 divide 6298?
False
Does 37 divide 6820?
False
Does 23 divide 1288?
True
Does 55 divide 1287?
False
Does 291 divide 21243?
True
Is 41 a factor of 9570?
False
Is 21 a factor of 521?
False
Is 22 a factor of 12999?
False
Is 5 a factor of 3967?
False
Is 68 a factor of 2720?
True
Is 2924 a multiple of 12?
False
Does 17 divide 848?
False
Is 3626 a multiple of 7?
True
Does 44 divide 2533?
False
Is 13 a factor of 5980?
True
Is 483 a factor of 11109?
True
Is 44 a factor of 1980?
True
Is 18 a factor of 1926?
True
Does 19 divide 89?
False
Does 126 divide 3000?
False
Does 5 divide 31349?
False
Does 37 divide 1702?
True
Is 7176 a multiple of 23?
True
Does 14 divide 267?
False
Is 51 a factor of 11446?
False
Does 51 divide 931?
False
Is 4 a factor of 1699?
False
Is 2325 a multiple of 15?
